lculate the remainder when 193977 is divided by 24.
9
What is the remainder when 68084 is divided by 22680?
44
Calculate the remainder when 319082 is divided by 73.
72
What is the remainder when 1341 is divided by 179?
88
Calculate the remainder when 3598 is divided by 3583.
15
Calculate the remainder when 6852 is divided by 731.
273
What is the remainder when 39655 is divided by 848?
647
Calculate the remainder when 96818 is divided by 6893.
316
What is the remainder when 1182341 is divided by 394110?
11
What is the remainder when 2564 is divided by 85?
14
Calculate the remainder when 114817 is divided by 1290.
7
Calculate the remainder when 14903 is divided by 38.
7
Calculate the remainder when 57910 is divided by 4454.
8
Calculate the remainder when 137799 is divided by 13.
12
What is the remainder when 5637 is divided by 5621?
16
What is the remainder when 116749 is divided by 91?
87
Calculate the remainder when 3926 is divided by 3926.
0
Calculate the remainder when 30417 is divided by 15205.
7
Calculate the remainder when 616 is divided by 95.
46
What is the remainder when 9669649 is divided by 867?
865
What is the remainder when 69458 is divided by 23121?
95
What is the remainder when 771 is divided by 471?
300
What is the remainder when 19252 is divided by 6375?
127
Calculate the remainder when 58410 is divided by 19469.
3
Calculate the remainder when 1684 is divided by 164.
44
What is the remainder when 20328 is divided by 3371?
102
What is the remainder when 8473 is divided by 40?
33
What is the remainder when 1244 is divided by 356?
176
Calculate the remainder when 231073 is divided by 75.
73
Calculate the remainder when 9886 is divided by 50.
36
What is the remainder when 133869 is divided by 357?
351
Calculate the remainder when 151813 is divided by 6899.
35
Calculate the remainder when 4602 is divided by 177.
0
Calculate the remainder when 1183627 is divided by 7.
4
What is the remainder when 6793 is divided by 49?
31
Calculate the remainder when 8099 is divided by 178.
89
What is the remainder when 5382 is divided by 598?
0
What is the remainder when 3751 is divided by 1530?
691
What is the remainder when 10382 is divided by 3355?
317
What is the remainder when 43427 is divided by 22?
21
What is the remainder when 4804524 is divided by 47?
43
What is the remainder when 9661 is divided by 15?
1
What is the remainder when 16353 is divided by 76?
13
Calculate the remainder when 9519 is divided by 28.
27
What is the remainder when 45752 is divided by 182?
70
Calculate the remainder when 170695 is divided by 56889.
28
Calculate the remainder when 205 is divided by 195.
10
Calculate the remainder when 37808 is divided by 47.
20
What is the remainder when 131665 is divided by 32916?
1
What is the remainder when 886791 is divided by 35?
31
Calculate the remainder when 53141 is divided by 53133.
8
What is the remainder when 39057 is divided by 12?
9
Calculate the remainder when 27291 is divided by 17.
6
What is the remainder when 6226 is divided by 124?
26
Calculate the remainder when 307 is divided by 112.
83
Calculate the remainder when 4741 is divided by 860.
441
What is the remainder when 73510 is divided by 59?
55
What is the remainder when 29034 is divided by 676?
642
Calculate the remainder when 51812 is divided by 534.
14
Calculate the remainder when 53583 is divided by 34.
33
What is the remainder when 1126 is divided by 12?
10
Calculate the remainder when 3992 is divided by 333.
329
Calculate the remainder when 88582 is divided by 5.
2
What is the remainder when 166210 is divided by 9?
7
What is the remainder when 9478 is divided by 631?
13
What is the remainder when 57819 is divided by 45?
39
Calculate the remainder when 5628 is divided by 332.
316
What is the remainder when 4603 is divided by 228?
43
Calculate the remainder when 12625 is divided by 605.
525
What is the remainder when 418442 is divided by 3703?
3
Calculate the remainder when 1973 is divided by 952.
69
What is the remainder when 1389 is divided by 101?
76
Calculate the remainder when 817450 is divided by 324.
322
Calculate the remainder when 14056 is divided by 4526.
478
What is the remainder when 40309 is divided by 58?
57
What is the remainder when 155127 is divided by 7753?
67
What is the remainder when 92584 is divided by 123?
88
Calculate the remainder when 32086 is divided by 382.
380
Calculate the remainder when 11962 is divided by 1196.
2
Calculate the remainder when 46640 is divided by 639.
632
Calculate the remainder when 33242 is divided by 10885.
587
Calculate the remainder when 17913 is divided by 5970.
3
What is the remainder when 506707 is divided by 14?
5
What is the remainder when 8601 is divided by 392?
369
Calculate the remainder when 320 is divided by 3.
2
Calculate the remainder when 602020 is divided by 17.
16
Calculate the remainder when 425956 is divided by 23.
19
Calculate the remainder when 149130 is divided by 1841.
9
Calculate the remainder when 1398969 is divided by 10.
9
What is the remainder when 22824 is divided by 2853?
0
What is the remainder when 437 is divided by 105?
17
What is the remainder when 602 is divided by 408?
194
Calculate the remainder when 1474962 is divided by 4.
2
Calculate the remainder when 30968 is divided by 1229.
243
What is the remainder when 8673 is divided by 65?
28
What is the remainder when 40373 is divided by 354?
17
What is the remainder when 60954 is divided by 127?
121
Calculate the remainder when 9450 is divided by 104.
90
What is the remainder when 177406 is divided by 41?
40
Calculate the remainder when 10206 is divided by 74.
68
What is the remainder when 338 is divided by 65?
13
Calculate the remainder when 24152 is divided by 1724.
16
What is the remainder when 4032 is divided by 184?
168
What is the remainder when 54717 is divided by 192?
189
What is the remainder when 1257447 is divided by 628720?
7
Calculate the remainder when 224905 is divided by 41.
20
Calculate the remainder when 13358 is divided by 63.
2
What is the remainder when 1180781 is divided by 409?
407
Calculate the remainder when 279664 is divided by 31073.
7
What is the remainder when 1677 is divided by 1052?
625
What is the remainder when 33030 is divided by 8224?
134
What is the remainder when 2417 is divided by 1959?
458
Calculate the remainder when 385197 is divided by 180.
177
Calculate the remainder when 495537 is divided by 247768.
1
What is the remainder when 157272 is divided by 31447?
37
What is the remainder when 4522 is divided by 196?
14
Calculate the remainder when 1515 is divided by 552.
411
Calculate the remainder when 3786 is divided by 1756.
274
Calculate the remainder when 15773 is divided by 2628.
5
What is the remainder when 13440 is divided by 156?
24
Calculate the remainder when 50040 is divided by 194.
182
Calculate the remainder when 30759 is divided by 147.
36
What is the remainder when 284109 is divided by 142032?
45
What is the remainder when 350279 is divided by 42?
41
Calculate the remainder when 88832 is divided by 7402.
8
Calculate the remainder when 84616 is divided by 258.
250
What is the remainder when 36969 is divided by 2462?
39
What is the remainder when 166294 is divided by 20?
14
Calculate the remainder when 14082 is divided by 74.
22
Calculate the remainder when 40230 is divided by 214.
212
Calculate the remainder when 15241 is divided by 66.
61
What is the remainder when 6175 is divided by 170?
55
What is the remainder when 9330 is divided by 342?
96
What is the remainder when 99064 is divided by 387?
379
What is the remainder when 690 is divided by 597?
93
Calculate the remainder when 5999 is divided by 146.
13
What is the remainder when 7150 is divided by 1430?
0
Calculate the remainder when 301559 is divided by 131.
128
What is the remainder when 76309 is divided by 183?
181
Calculate the remainder when 1720 is divided by 424.
24
Calculate the remainder when 6650 is divided by 73.
7
What is the remainder when 5617 is divided by 385?
227
Calculate the remainder when 17640 is divided by 241.
47
What is the remainder when 55330 is divided by 182?
2
Calculate the remainder when 27682 is divided by 127.
123
What is the remainder when 1940 is divided by 1266?
674
Calculate the rem